tens digit of l?
1
Let u(z) = -5*z - 11. Let x be u(-4). What is the units digit of (-2)/(-2*3) - (-1446)/x?
1
Suppose -5631 = -19*w + 4306. What is the tens digit of w?
2
Let q be 116/6 - 2/(-3). Suppose 2*i - 90 = -i. Let w = i - q. What is the units digit of w?
0
Let f be 18*((-44)/(-12) - 3). Suppose 0 = -x + 8 + f. Suppose 0*m = 5*m - x. What is the units digit of m?
4
Let j(x) = -x + 6. Let u be j(4). Suppose -y - 15 = u*y, -2*y = -5*t + 935. What is the units digit of t?
5
Suppose 0 = -12*f + 11*f - 3, -5*t + 6751 = 3*f. What is the thousands digit of t?
1
What is the tens digit of (-11)/33 - 7300/(-12)?
0
Suppose -4*h + 4280 = -5*n - 6244, -3*h - 4*n + 7893 = 0. What is the hundreds digit of h?
6
Suppose 21*u - 11867 = 10162. What is the thousands digit of u?
1
Let f(v) be the first derivative of v**3/3 + 2*v**2 - 7*v + 1. Let b be (0 - (-9)/(-6))/(1/6). What is the tens digit of f(b)?
3
Suppose 4*b - 8*b + 4 = 0, 5*o - 77 = 3*b. Let q = 27 - o. Suppose 5*i - q = 9. What is the units digit of i?
4
Let r = -22 + 22. Suppose -2*a + 1 + 3 = r. Suppose -28 = -a*l - 2*l. What is the units digit of l?
7
Let a be 0/(1/1) + 49. Suppose -a = -5*q - 19. Let x = q + 0. What is the units digit of x?
6
Let f be 1/2*(-1 - (-108 - -1)). Let z = f - 2. What is the units digit of z?
1
Suppose 5*r - 37 = -17. Suppose -2*g - 10 = -f + 12, g + r = 0. What is the units digit of f?
4
Let u(n) = n + 258. Let i be -2 - 4*4/(-8). Let d be u(i). Suppose 0 = 6*s + 54 - d. What is the tens digit of s?
3
Suppose 5*u + 182 = 542. What is the tens digit of u?
7
Suppose w - 3*k = 912, 0*w - k + 2766 = 3*w. Suppose -642 + 39 = -2*t + 5*f, -3*t + 2*f = -w. What is the units digit of t?
9
Suppose 0 = 46*w - 104193 - 9703. What is the tens digit of w?
7
Suppose -66608 = -74*b + 51*b. What is the thousands digit of b?
2
Let z be ((-22)/(-1))/(1/11). Suppose -b = -z - 87. What is the units digit of b?
9
Let u = 138 + 41. What is the tens digit of u?
7
Suppose 10483 = 17*s - 2930. What is the hundreds digit of s?
7
Suppose 29*o - 64812 = -4*o. What is the units digit of o?
4
Let b = -9 + -2. Let d(q) = q**3 + q - 18. Let y be d(-3). Let r = b - y. What is the units digit of r?
7
Let v = -168 - -250. What is the units digit of v?
2
Let a be (1 - 5) + (0 - -2). Let n be (500/(-2))/a + 1. What is the tens digit of 1*5*n/30?
2
Let v be (-10)/(-4)*24/15. Suppose -200 = -2*d - v*c, -c - 194 = -2*d + c. What is the tens digit of d?
9
Let y(w) = 2*w**3 - 3*w**2 + 2050. What is the units digit of y(0)?
0
Suppose -w - 991 = -5*w + 3*n, -2*w + 509 = 3*n. What is the hundreds digit of w?
2
Let l be 2/14 - (-20)/7. Suppose t + 0*b + b = 56, 176 = l*t + b. What is the tens digit of t?
6
Suppose 0 = g + g. Let s be (-28)/1 + g/(-5). Let y = 55 + s. What is the units digit of y?
7
Let a(p) = -3*p - 15. Let c be a(-6). Suppose -c*i - 29 = -w + 2*i, -2*i = w - 8. What is the tens digit of w?
1
What is the tens digit of 3*(56/(-3))/(-2)?
2
Let i = 629 + -331. What is the tens digit of i?
9
What is the tens digit of (1449/(-621))/((-1)/27)?
6
What is the tens digit of 127/(((-16)/56)/((-4)/14))?
2
Suppose -416 + 32 = -6*k. What is the units digit of (30/4)/(16/k)?
0
Let v be 16/12*(-36)/(-8). Suppose v*a - 12 - 66 = 0. Suppose -a = -2*h + 17. What is the tens digit of h?
1
Let l be ((-1)/2)/((-1)/(-194)). Let z = -135 - -283. Let m = z + l. What is the tens digit of m?
5
Let s = 2395 + -1248. What is the units digit of s?
7
Let d be 2 - 9/3 - -4. Suppose -8 = 4*b, d*v = -v + b + 6. Let k = v - -16. What is the units digit of k?
7
Let q be (-1)/((-3 - -1)*(-6)/48). Suppose -6*f = -f - 85. What is the units digit of f + 3/1 + q?
6
Suppose 24*w - w - 44620 = 0. What is the tens digit of w?
4
What is the units digit of (27/4)/((-60)/(-19920))?
1
Let n(h) = -16*h + 18. Let c(y) = -16*y + 17. Let x(s) = 6*c(s) - 5*n(s). What is the hundreds digit of x(-6)?
1
Suppose -2*b = -b. Suppose -3*c - 2*c + 10 = b. Suppose p - 18 = -p + 2*y, 36 = 4*p - c*y. What is the units digit of p?
9
Let y(z) = -z**3 - 4*z**2 - 10*z - 25. Let j be y(-8). Suppose j = 3*m - 0*m - 2*x, -4*m - 2*x = -424. What is the tens digit of m?
0
Suppose 0 = -28*j + 31*j - 3300. What is the tens digit of j?
0
Let c(q) = q**3 - 7*q**2 - 4*q + 8. Let b be c(7). What is the tens digit of -60*1/(b/16)?
4
Let m = 51 - 31. Let p be 4 - -5*(-8)/m. Suppose 4*o = -5*i + 40, i - 24 = -p*i + 3*o. What is the units digit of i?
8
Suppose 6 = 2*w - 6. Let z be 2/w + (-416)/(-39). Suppose 4*i + 75 = 4*a + z, -5*a + 4*i + 85 = 0. What is the units digit of a?
1
What is the thousands digit of 252/693 + 80292/22?
3
What is the tens digit of (-13)/52 - (-3381)/4?
4
Suppose 0 = -5*p + 2*q + 2088 + 2116, 4*p - 3364 = 2*q. What is the hundreds digit of p?
8
Suppose -44 = 2*u - 6*u. Let a(j) = -2*j + 31. What is the units digit of a(u)?
9
Let x(n) = 1414*n - 682. What is the units digit of x(5)?
8
Let s(r) = -4*r**3 - r**2 + 8*r - 6. Let a be s(3). Let c = a + 139. Let v = c - 36. What is the units digit of v?
4
What is the hundreds digit of 1/(-3) + (-6 - (-6936)/18)?
3
Suppose 0 = -19*b - 1786 + 13357. What is the hundreds digit of b?
6
Let s be 3/2*(-168)/(-63). Suppose -15 = -s*b - 0*b + 3*g, -b - 4*g = 20. Suppose b = 5*n + 14 - 89. What is the units digit of n?
5
Suppose 28*q - 82*q = -27648. What is the units digit of q?
2
Let r(h) = h - 3. Let o be r(15). Suppose g + 1 - o = -v, -2*g - 5*v + 31 = 0. Let u = g - -3. What is the tens digit of u?
1
Suppose -740 = -5*s + 3*k + 1314, -s = -4*k - 421. What is the units digit of s?
9
Let x(j) = -j - 4. Let f be x(-10). Let c be (-4 + 3)/((-3)/f). Suppose c*w = 5*w - 87. What is the units digit of w?
9
Suppose -16*x - 16 = -12*x, 0 = j + 2*x - 1860. What is the units digit of j?
8
Let u = 2237 + -651. What is the tens digit of u?
8
What is the units digit of ((-666)/(-2) - 7) + -7?
9
Let z = 280 + -204. What is the units digit of z?
6
Let k be 5/(20/12) - -1. Suppose 3*t = -t - z + 128, k*z = 0. What is the tens digit of t?
3
Suppose 0 = -2*u - c - 42, 107 - 3 = -5*u - 2*c. What is the units digit of (144/(-20))/(3*2/u)?
4
Suppose 543 = 9*t - 303. What is the tens digit of t?
9
Let w(f) = -2*f**2 - 2 - f**3 + 3*f - 3*f - 2*f. Let c be w(-2). Suppose -u - 3 = -c*u. What is the units digit of u?
3
Suppose 16*l - 14*l = 2*q + 5984, 0 = -5*q + 10. What is the hundreds digit of l?
9
Let s be (41 + 1)*(-100)/(-6). Suppose -73*r + s = -68*r. What is the units digit of r?
0
Suppose -61*f + 63*f - 1432 = 0. What is the hundreds digit of f?
7
What is the hundreds digit of 4 - ((-793)/39)/(1/21)?
4
Suppose 510 = 4*u + u - 4*z, -5*u - 2*z + 540 = 0. What is the units digit of u?
6
Suppose -3*w = -5*f + 2, -2*w - w - f + 22 = 0. Suppose -4*k + p + 100 = w*p, 4*k - 76 = p. What is the tens digit of k?
2
Let f = 1462 - -396. What is the tens digit of f?
5
Let l be ((-36)/16)/(2/376). Let o be (-2)/7 - l/(-63). Let t = 15 + o. What is the units digit of t?
8
Let c(a) = 179*a**2 - 20*a - 21. What is the tens digit of c(-1)?
7
Let f = -399 + -1023. Let j be 2/(-6) + f/(-54). What is the units digit of j - ((-4)/4 - -1)?
6
What is the tens digit of 426/10*(0/(-3) - -10)?
2
Let c(x) = -x**2 - 13*x - 2. Let b be 316/16 + 3/12. Suppose b = -3*d - 4. What is the units digit of c(d)?
8
Let n(a) = -75*a - 95. What is the hundreds digit of n(-19)?
3
What is the hundreds digit of (0 - -1) + (4 - -138) + 11?
1
Suppose -5*g + 0*g + 15 = 0. What is the units digit of 11 - -3*(-4)/g?
7
Let m(t) = -9*t**3 + t**2 - t - 2. Let v be m(-1). Suppose -v*d = -240 - 48. What is the units digit of -2 + (d - -1) - 4?
7
Suppose 279*i - 2859 = 276*i. What is the units digit of i?
3
Suppose 3*x - 30 = -18, 4*x - 510 = -w. What is the hundreds digit of w?
4
Let p(f) = -6*f + 14. Let w(r) = r - 1. Let m(b) = -p(b) - 5*w(b). Let j be m(11). What is the units digit of 0 - ((-18 - j) + 2)?
8
Suppose d + 20 = -4*d. What is the units digit of 119*((-1)/d + (-3)/(-4))?
9
What is the units digit of (-1524)/(-1) + (-1020)/(-170)?
0
Let d = -211 - -328. What is the tens digit of d?
1
Let k = 727 + 2493. What is the thousands digit of k?
3
Let j = -633 - -1020. What is the units digit of j?
7
Suppose -4*t + 2722 = -2*y, -t - t + 1391 = 5*y. What is the tens d